2. Let l be p(-3). Is (l + -9)/(1*-1) composite?
False
Let v = 30 + -54. Let a(t) = t**3 + 27*t**2 + 27*t + 1. Is a(v) composite?
True
Let p(w) = w**3 - 11*w**2 - 10*w - 8. Let u be p(12). Let a = u - 12. Suppose 2*l - m - 377 = -a, -m - 928 = -5*l. Is l a composite number?
True
Suppose 0 = -4*j - m + 29242, m = -5*j - 0*m + 36553. Suppose -39*k + j = -36*k. Is k composite?
False
Let l(b) = -629*b + 267. Is l(-16) prime?
True
Let k(v) = -v**3 + 29*v**2 - 39*v - 31. Is k(20) a prime number?
True
Let d(o) = 36*o + 3. Let f be d(1). Is (-1264)/(-6) - (-13)/f a composite number?
False
Let z = 2801 + 710. Is z a composite number?
False
Let a = -2214 - -6017. Is a prime?
True
Suppose -2*y - 4*y = -3*y. Suppose -4*l + 53 + 5391 = y. Is l a prime number?
True
Suppose 4*i = -3*k + 25, -2*k = -2*i + k - 1. Suppose -i*j + v = -0*v - 1336, -v + 674 = 2*j. Is j a prime number?
False
Suppose 378 = -q - 911. Let p = q - -2286. Is p composite?
False
Let n(s) = -14227*s - 62. Is n(-1) a composite number?
True
Let m = -700 - -447. Suppose 4*z = -r - 1834, 2284 = -z - 4*z + 3*r. Let n = m - z. Is n composite?
True
Is (0/(-3) + -1)*-13163 a composite number?
False
Let p(t) = -t**2 - 4*t + 299. Let b be p(0). Let l = b + 608. Is l prime?
True
Suppose 3*l = c - 3*c + 10, 5*c + 5*l = 25. Suppose 0 = -4*b + 11 + c. Is (b - 7) + 0 + 560 composite?
False
Let i = 800 + -466. Is (-5)/((-5)/i) - 5 prime?
False
Suppose 5*m + h = 46, -18 = -4*m - 4*h + 6. Is m/35 + 80487/21 composite?
False
Let b(u) = -43*u - 7 + 40 - 13*u. Is b(-11) a prime number?
False
Suppose -37618 = -14*j + 20356. Is j prime?
False
Let l(j) be the third derivative of 7*j**5/30 + 13*j**4/12 - j**3/6 + 2*j**2. Is l(12) a composite number?
True
Let s(g) = -6*g + 2 + 0*g - 25*g. Let k be s(-8). Is k + ((-6)/2 - -4) prime?
True
Is ((-7)/21)/(1/(-9033)) a composite number?
False
Suppose 0 = u + 4*a - 1 - 4, 3*a = 2*u - 10. Suppose 4*m - 456 = 4*l, 0 = -2*m + u*l + 195 + 30. Is m a composite number?
True
Is (30065/(-30) + 1)*-6 composite?
False
Is (-3)/2*44/(-198)*6843 a composite number?
False
Is (-3876)/(-6) + -6 - 5 a composite number?
True
Let y(m) = -m + 16. Let v be y(12). Suppose 8*l = v*l. Suppose -4 = 4*u, 4*h + l*u - 455 = -5*u. Is h a prime number?
False
Let r = 9762 + -1211. Is r prime?
False
Let s be 1/(-2) - 1982/(-4). Let v be -3 + (-1 - 350)*-1. Suppose i - v = s. Is i a prime number?
False
Is ((-151170)/(-20))/((-7)/2 - -4) a prime number?
False
Let f be (-2 + (-10)/(-5))/2. Suppose 8*y - 3129 - 3903 = f. Is y composite?
True
Suppose -2*z + 46630 = 2*r, 0*r - 116575 = -5*z + 4*r. Is z a composite number?
True
Suppose -13*y = 3*x - 9*y - 21039, 0 = -5*x - 4*y + 35057. Is x a composite number?
True
Suppose -3*j + 10037 = -30511. Suppose j = 3*y - o, -y - 3*o + 8*o = -4482. Is y prime?
True
Let s be 56/(-6)*1212/(-8). Let o = -635 + s. Is o composite?
True
Let l = -18 - -20. Suppose l*v + m + 29 = 0, -5*v - 4*m + 0*m - 71 = 0. Let t = 52 + v. Is t a prime number?
True
Suppose 408 - 1529 = -f. Is f composite?
True
Suppose 4*q - 8 = -5*u, 0*q + q - 9 = -3*u. Suppose 3*y + u*y - 987 = 0. Is y a prime number?
False
Let i(y) be the third derivative of 13*y**5/60 - y**4/4 + 5*y**3/3 + 6*y**2. Is i(3) prime?
True
Let w = 2977 - 813. Let z be (-19)/((-931)/(-14)) - (-86)/7. Suppose z*c = 8*c + w. Is c prime?
True
Suppose 5*a = 0, 16 = -4*s - 3*a - 16. Is (1 - (-1633)/3)/(s/(-12)) prime?
False
Let a(x) = -x**2 - 8*x - 5. Let b be a(-6). Suppose 2*o = -6, -5*h + 2 = -3*o - b. Is h*(-3)/9 + 141 prime?
False
Let s(d) = -d**3 + 69*d**2 + 14*d - 49. Is s(27) a composite number?
True
Suppose -4305 = 3*x - 7*x + m, 0 = -x + 3*m + 1068. Is x prime?
False
Let m = 4 + -2. Suppose 6*v - 5*v + 2*p - 12 = 0, -v + 2*p = 0. Is ((-2)/v)/(m/(-5334)) prime?
False
Let f be 190/(-4) + (-2)/4. Let g = 67 + f. Is (-2)/(-6)*(g + -1) prime?
False
Suppose 0 = 3*w - w + 8. Is (0 + w/(-12))*633 prime?
True
Suppose -382 = -5*s + 24063. Is s composite?
False
Suppose 0 = 2*l + 6*l - 1864. Let n = 490 - l. Is n a composite number?
False
Suppose -16*j - 2875 + 37547 = 0. Is j composite?
True
Let g(a) = -46*a**3 - 12*a**2 + 5*a - 5. Is g(-6) a composite number?
True
Let x be 5874/13 + 16/104. Let q(i) = -i**3 - 16*i**2 - 15*i + 4. Let l be q(-15). Suppose 192 + x = l*d. Is d prime?
False
Let v(n) = -6*n + 1543. Is v(0) prime?
True
Let j = 966 - 100. Suppose -j - 1962 = -4*h. Is h a prime number?
False
Let c(m) = -188*m - 79. Is c(-39) composite?
False
Let n be -4 - (56/2)/(-4). Suppose n*k - 102 - 435 = 0. Is k a composite number?
False
Let z = -11 - -16. Suppose -4*l + 46 = -0*t + 2*t, -2*t = z*l - 60. Is l prime?
False
Suppose -104008 = -44*o + 42028. Is o prime?
True
Let u(c) be the third derivative of 19*c**6/60 - c**5/60 + 3*c**4/8 - 5*c**3/6 + 28*c**2. Is u(3) composite?
False
Let v(g) = -8*g**3 - 5*g**2 - 2*g + 4. Let w be v(-3). Let b(i) = i**3 + 15*i**2 + i - 13. Let c be b(-7). Let j = c - w. Is j a prime number?
True
Let g(c) = c**2 + 8*c + 9. Let y be g(-5). Let v = y + 1. Is 582/30 + 2/v prime?
True
Suppose -2*g + 4 + 2 = 0. Suppose -3*s - g*v = -24, -2*s = v - 5*v + 14. Suppose 553 = s*l - 1052. Is l a prime number?
False
Let h = -16 - -16. Suppose 2*x - 5*x - 4*z - 29 = h, -4*z - 20 = 0. Let f = x + 188. Is f composite?
True
Let j = 5602 - 2787. Is j a prime number?
False
Let g = -4 + -5. Let c be (g - -2)*9/(-21). Suppose 27 = 3*d + 5*u, -4*d + c*d + 9 = 5*u. Is d a prime number?
False
Suppose 4*r - 32224 = -3*g + 4*g, r + 3*g - 8069 = 0. Is r a prime number?
False
Let j = -7 - -15. Is ((-4034)/j)/(9/(-36)) a prime number?
True
Let i(o) = o**3 - 8*o**2 + 8*o - 2. Let x be i(7). Is (-2)/x + ((-5961)/15)/(-1) a composite number?
False
Let q be (3/(-2))/(42/112) - 2256. Let d = q - -3321. Is d a composite number?
False
Let f = 5005 + 85816. Is f prime?
True
Let g be (-13 - -13)/(-2 - -1). Suppose g*a + 69 = a. Is a prime?
False
Let n(b) = -b**3 - 42*b**2 + 24*b + 34. Is n(-45) a prime number?
False
Is (2620/10)/(-8*2/(-856)) composite?
True
Let i = -10036 - -21695. Is i a prime number?
False
Suppose -54*f + 312507 = -224577. Is f composite?
True
Let f = 4181 + -282. Is f a composite number?
True
Suppose -4668 = -2*a + l, -5*l - 4676 = -8*a + 6*a. Is a prime?
True
Let r be 6 + 3*10/(-15). Suppose -r*w - 5*x = -626 + 13, 154 = w + x. Is w a prime number?
True
Is 35*(6272/80 - (-1 + 6)) a prime number?
False
Is 346466/30 + 231/45 + -5 a composite number?
False
Suppose 3*y + x - 4*x = 24, 3*x + 21 = 2*y. Suppose w + 4956 = 5*o, 3*o + w = -y*w + 2969. Is o composite?
False
Let u = -2852 + 5385. Is u composite?
True
Let r(h) = 2*h + 20. Let w be r(-9). Suppose 5*q = -w + 27. Suppose 4*u + 0*u + 4*b - 1900 = 0, 3*b = -q*u + 2383. Is u a composite number?
False
Suppose 7*k + 49338 = 2*t + 8*k, 4*t + 5*k = 98664. Is t a prime number?
True
Let v be 3 - (-7 - -3) - 3. Suppose -4*b + 12 - v = 0. Suppose -b*d = -3*c - c - 422, 0 = 2*c. Is d a composite number?
False
Let x(q) = -704*q**2 - 2. Let o be x(-1). Let b = o + 2582. Suppose -f - b = -5*f. Is f a composite number?
True
Let h = -4 + 5. Let s be 1 + (6 - 3)*h. Is 97*(s/4 - 0) composite?
False
Is 9/(-3) - -16606 - 14/7 composite?
True
Let z(r) = -6*r**3 + 3*r**2 - 2*r + 11. Let d be z(4). Let a = 336 - d. Is a composite?
True
Let p = -5449 - -2744. Let u = -1554 - p. Is u a composite number?
False
Let r = 665 - 144. Is r a composite number?
False
Let x = 358 + -358. Suppose 4*s - 11 - 1 = 0, -4*c + 5 = -5*s. Suppose x = c*k - 695 - 990. Is k a prime number?
True
Let p be -4 + 0/(0 - 3). Let n(v) = 2*v + 6. Let t be n(p). Is 123 - (2 + t*3) a composite number?
False
Suppose 0 = -4*z + 1 - 1. Is 1040 + z + -1 - 0 composite?
False
Suppose -19*z - 4532 = -21*z. Let u = z + -1103. Is u prime?
True
Suppose 13*d - 42 = 6*d. Let y = 41 - d. Suppose 2 = -o + y. Is o a composite number?
True
Let r(y) = 335*y**2 - 17*y - 47. Is r(-4) composite?
False
Let p = 3 - -5. Suppose p*i = 9*i - 3. Suppose 5*w + i*u - 1717 = 0, w - 2*u = 183 + 150. Is w a prime number?
False
Is 1*(-2296 - -3)*-1 composite?
False
Suppose 10 = 24*i - 22*i, 0 = -3*c + 3*i + 33324. Is c a prime number?
True
Suppose 10 = 3*r + 4*v, 4*r = -0*v + 2*v - 16. Is -1 + 93 + -1 + r/1 a prime number?
True
Let x = 235 - 411. Le